q - 10. Let f(g) = 2*g + 4*g**2 - g**2 - 3*g**2 + 5*g**2 + 11. Let d(n) = -5*f(n) - 6*s(n). Calculate d(7).
12
Suppose 9*a = 13*a - 84. Let s = -19 + a. Let u(m) be the first derivative of m**4/4 + m**2/2 + 1. Calculate u(s).
10
Suppose 32*o - 18*o - 84 = 0. Suppose -2*v - 8 = -4*s - v, -8 = -2*v. Let y(u) = 7 + 6*u**2 + 1 - u**s + 0*u - u. What is y(o)?
2
Suppose -54*p + 66 = -21*p. Let q(x) be the second derivative of 1/12*x**4 - x + 0*x**3 + 0 - 5/2*x**p. What is q(-4)?
11
Let t(y) = 8*y**2 + 11*y + 4 + 0 - 7*y**2 - 4*y. Let s(c) = 5*c + 54. Let x be s(-12). Calculate t(x).
-2
Let l(v) be the third derivative of v**6/120 + v**5/15 - 7*v**4/24 - 2*v**3/3 - 3*v**2 - 29. Determine l(-5).
6
Let v(h) = 8*h + 3. Let g(a) be the first derivative of -22*a**2 - 16*a - 9. Let r(q) = -5*g(q) - 28*v(q). Calculate r(-4).
12
Let x(w) = w**2 + 12*w + 9. Suppose 0 = -30*q + 4*q - 286. Determine x(q).
-2
Let u = -42 + 79. Let y(k) = -2 - k**3 + 40*k + 0 - u*k. Give y(2).
-4
Let x = 467 - 472. Let q(n) = -2*n - 17. Determine q(x).
-7
Let z(b) = -b**3 + 8 - 3*b**2 - 8*b - 3*b**2 + 13*b**2. Let r(h) = -2*h - 3. Let o(f) = -5*f - 7. Let g(m) = -3*o(m) + 7*r(m). Let j be g(6). Give z(j).
-4
Let v(u) = 2*u**2 - 3*u**2 - 29 - 4*u + 32. Suppose 2*i - 4 = -2. Suppose -2*x + i = t + 13, t = x. Determine v(t).
3
Suppose 0 = -p + 3 + 1. Let i(o) = -p*o + 0*o + 3 + 2*o + o. Let l = -5 - -2. Determine i(l).
6
Suppose 8 = 2*w, d = 2*w - 6*w + 14. Let m be (d*2/12)/(2/(-12)). Let j(x) = -2*x**3 + x**2 + 3*x - 1. Determine j(m).
-7
Let x(w) = -w**2 + 2. Suppose 3*r + 40 = -2*r. Let m = 17 + r. Suppose m = 3*u - 0. Calculate x(u).
-7
Suppose 3*u = 3*s - 9, -3*u + 4*u + 1 = -s. Let i(k) = -k + 17. Let q be i(15). Let d(a) = -a**3 - 4*a**3 + q - 2*a + 3*a**2 - 1 - a**2. Calculate d(s).
-4
Let r = -10 - -13. Suppose -9 = -3*n - 0*n. Let t(i) = -i + 3 - n + 0. What is t(r)?
-3
Let t(j) = -7*j**2 - 14*j + 3. Let c(b) = 3*b**2 + 7*b - 2. Let n be -1 + 6 + 1/(-1). Let a(m) = n*t(m) + 9*c(m). Calculate a(6).
0
Let u(d) = -d**3 + d. Let c be (25/(-20))/((-2)/8). Let n(k) = -k - k + 4*k**2 + 2*k + 3 - c*k**3. Let q(b) = -n(b) + 4*u(b). Calculate q(2).
-3
Let n(q) = -q**2 - 12*q - 18. Suppose 2 = -6*s - 46. What is n(s)?
14
Suppose 7*o - 182 = -42. Let m(j) = -18 - 14 + 51 + 2*j - o. What is m(6)?
11
Suppose -5*k - 21 = 2*a, 2*k + 2*k + 3 = 3*a. Let r(c) = c + 1. Let w(g) = -5*g - 6. Let n(t) = 2*r(t) + w(t). Give n(k).
5
Let w(g) = g**2 - 8*g + 3. Suppose -1 = -6*c + 29. Calculate w(c).
-12
Let p(r) = 1 - r**2 - 6*r + 2*r - 5 + 0*r**2. Let z(y) = y + 14. Let g be z(-11). Suppose 0 = -g*t - 4*q - 24, 11 = -t - 5*q - 8. Give p(t).
-4
Suppose -n - 4*n = -65. Let p = -8 + n. Let v(o) be the first derivative of o**4/4 - 4*o**3/3 - 3*o**2 + 6*o + 2. What is v(p)?
1
Let d(p) = p**3 + 10*p**2 + 2*p - 1. Suppose 101 = -15*o - 49. Calculate d(o).
-21
Let x(c) = 11*c - 46. Let g be x(6). Let h be (-2)/(-4) + 2/(-4). Suppose -2*d - 3*d - g = h. Let m(w) = w**3 + 2*w**2 - 5*w + 2. Give m(d).
-10
Let z be 8/18 - (-1545)/(-135). Let n(f) = f + 16. Calculate n(z).
5
Let x(w) = -w**3 + 6*w**2 + w - 7. Suppose -3*m - 5*s + 25 = 0, 3 = 2*m - m - s. What is x(m)?
23
Let w(r) = -r**2 + 10*r + 2. Suppose 4*f - 39 = 6*s - s, 0 = -f - 5*s + 16. Give w(f).
-9
Suppose 37 = 2*f + 1. Suppose 0*u = -5*b + u + 36, -2*b + 4*u = -f. Let y(s) = 8*s + 7 + s**3 - 2*s + s + b*s**2. Determine y(-6).
1
Let d(k) = -k**3 - k**2 + 2*k + 1. Let f be 3/10*60/45*5. Calculate d(f).
-7
Let v(r) = r**3 + r**2 - 5*r - 1. Let u be ((4 + -1)*-1)/1. Let o be v(u). Let g(m) = -m + 2*m - 2*m. Calculate g(o).
4
Let b(z) = z - 6. Let h = 73 - 68. Give b(h).
-1
Let o(t) be the first derivative of -t**4/4 - 7*t**3 - 10*t**2 - 8*t - 113. Determine o(-20).
-8
Suppose -17 + 5 = 3*c. Let f(r) be the third derivative of -r**4/12 - 5*r**3/6 - r**2 - 9*r. Determine f(c).
3
Let v(m) = 4*m + 3. Let w(f) = -f**3 + 10*f**2 + f - 12. Let x(o) = -o**2 + 5*o + 10. Let g be x(5). Let j be w(g). What is v(j)?
-5
Suppose -4*w + 8 = 0, 2 = -4*i + 5*w - 0*w. Let y(p) = -p + p**3 + 7 - 550*p**i + 556*p**2 - 3. What is y(-6)?
10
Suppose -p = 3*n + 2, 3*p = -n + 8 - 22. Let s(t) be the second derivative of -t**5/10 - t**4/12 + 4*t. Give s(n).
-3
Let n = 29 + -25. Let q be -14*(9/2 - n). Let t(w) = -5*w + 5. Let p(o) = -9*o + 10. Let u(b) = q*t(b) + 4*p(b). Determine u(7).
-2
Suppose 2*g + 10 + 2 = 0. Let p(y) be the first derivative of y**3/3 + 7*y**2/2 + 435. What is p(g)?
-6
Let x = 88 + -73. Let l(n) = -18*n - 2 + x*n - 3. Suppose 0 = -4*z - 16, 3*d + 2*z + 2*z + 31 = 0. Give l(d).
10
Let v(p) = -p**2 - 15*p + 37. Let s be v(-17). Let w(o) = 4 - 41*o**2 - 9*o + 87*o**2 - 45*o**2 + s*o. Calculate w(6).
4
Let i(l) = l**2 - 26*l - 10. Suppose 4*a - 2*x - 134 = -34, -2*a = -4*x - 44. Give i(a).
-10
Let b(q) = q**2 + 20*q + 2. Let o be -24 - (-4 + (3 - 3)). Let y be b(o). Let r(i) = 2*i**3 - 2*i**2 + i + 1. Give r(y).
11
Let t be -5 + (-20)/(-5) - -13. Suppose -t = -6*l + 24. Let r(y) = 2*y - 10. Let n be r(l). Let g(w) = -3*w**2 - w + 2. What is g(n)?
-12
Suppose 22 = -4*a - 2*m, 3*a + 104 = 2*m + 91. Let j(w) = w**3 + 4*w**2 - 7*w - 7. What is j(a)?
3
Let b(o) = o**3 + 8*o**2 + 7*o + 7. Let f be 54/(-8) - (-71)/(-284). Give b(f).
7
Let b(f) = f**2 - 5*f - 1. Let z be b(6). Let a(p) = 10*p - 7*p - 411*p**2 + 6 + 410*p**2. What is a(z)?
-4
Suppose -4*a = -2*a - 2. Let f(p) be the third derivative of p**6/40 + p**3/6 - 2*p**2. What is f(a)?
4
Suppose -19*k + 14*k = 0. Let n(t) = 308*t**2 + 2 + 7 - 309*t**2. Determine n(k).
9
Suppose 4*p + 5*h = 0, 0*h = -3*p + 3*h. Suppose p*l - 3*l + 6 = 0. Let w(c) = 7*c**2 - 2*c**l + 1 - 6*c**2 + c - 7*c. Determine w(-5).
6
Let c(h) be the second derivative of 13*h**3/6 - 7*h**2 + 38*h. Let y(n) = 9 - 4 + 2*n - 6*n. Let s(u) = -2*c(u) - 7*y(u). Calculate s(7).
7
Let y be 6*-1 - 1275/(-75). Let i(t) = -t**2 + 9*t + 25. Determine i(y).
3
Let u(m) be the first derivative of -2*m**3/3 + 5*m**2/2 - 2*m - 28. Let a be 4/(-3 - -3 - -2). Let b be (a + -2 + 3)/1. Calculate u(b).
-5
Let w(j) = -j - 1. Let y be w(-1). Let f(r) = -7*r + 190. Let v(p) = -2*p + 57. Let t(d) = -3*f(d) + 10*v(d). Determine t(y).
0
Let c(m) = m - 13. Let p(s) = -5*s + 66. Let h be 11/(-4)*(-2 + 8 - 10). Let r(q) = h*c(q) + 2*p(q). Let u(l) = 6*l - 1. Let b be u(1). Calculate r(b).
-6
Let g(p) be the second derivative of 5*p**3/6 + 2*p**2 + 21*p. Calculate g(-3).
-11
Let b(h) = 4*h - 1. Suppose -3*g = -5*p - 5, 2 - 3 = g - 3*p. Let s(l) = -l**3 + 6*l**2 - 5*l + 2. Let z be s(g). Let y = z - 1. What is b(y)?
3
Let x(k) = 0 - 4 + 4*k + 6 - 3*k. What is x(2)?
4
Let l(s) = s**2 - 5*s + 4. Let q be l(5). Let a(z) = -q*z + 2*z**2 + 2*z - 3*z**2 + z. What is a(-1)?
0
Let v(m) = m + 16. Let g be v(-11). Let q be (-11 - (1 - g))*1. Let j(n) = n + 6. Give j(q).
-1
Let o(j) = -j**2 - 12*j + 4. Let i be o(-12). Let l = 6 - i. Let k(r) = 5*r**l + 3 - 4*r**2 - 3*r + 8*r. Determine k(-4).
-1
Let j(c) = 2*c**2 - 14. Let t be 0/14*(-4)/(10 - 2). Calculate j(t).
-14
Let r(q) = -8*q - 2. Let p = 26 - 16. Suppose 21*h - p*h = -22. Calculate r(h).
14
Let i(u) = -u + 3. Let g(z) = -z - 53. Let p(w) = -g(w) - 3*i(w). Give p(-11).
0
Let d be ((-9)/(-2) - 5) + 23/2. Let w be (1 - d)*((-7)/14 + 0). Let p(a) = -a**2 + 6*a + 2. What is p(w)?
7
Suppose -3*u + 6 = -12. Let k(d) = -2*d**3 - 9*d**2 + 4*d. Let p(a) = a**3 + a**2 - 2*a + 1. Let z(o) = -k(o) - 3*p(o). Give z(u).
9
Let w(q) = 2*q + 2. Let s be (5/(5/4))/4. Suppose -4 = h + 3*g + 2, -g - s = 0. Determine w(h).
-4
Let r(n) be the third derivative of -n**4/8 - 3*n**3/2 - 2*n**2 + 47. Give r(-5).
6
Let m(p) = -p**2 - 17*p - 12. Let x(j) = -j**2 - 16*j - 11. Let h(b) = -2*m(b) + 3*x(b). Calculate h(-11).
24
Let a = -20 - -19. Let v = -6 - -7. Let z(i) = 2 + i + i**2 - 4*i**3 - 6*i**3 - v. Determine z(a).
11
Let p(z) be the third derivative of -z**5/60 + z**4/24 + z**3/3 - 346*z**2. Determine p(3).
-4
Let y = -9 + 15. Suppose 0 = 5*o + 3*u - 65, -2*u = y*o - o - 60. Let c(p) = -p - 3 + o + 0. Determine c(-5).
12
Let h(g) = -g**2 - 58 + 3*g - 2*g + 0*g + 59. Suppose -106*l + 15 = -101*l. Determine h(l).
-5
Suppose -2*d + 25 = 3*g, 0 = d + g - 6*g + 20. Suppose 2*k = -4, -r + d*r + 20 = 2*k. Let m(w) = -w**3 - 7*w**2 - 7*w - 5. Calcul